common divisor of 20700 and 500?
100
What is the highest common divisor of 13260 and 2658?
6
Calculate the highest common factor of 104293 and 3948.
329
Calculate the highest common factor of 52924 and 3232.
404
What is the highest common divisor of 72711 and 270?
27
What is the greatest common factor of 80 and 88820?
20
Calculate the greatest common factor of 2927958 and 148.
74
Calculate the greatest common divisor of 108 and 2058426.
54
Calculate the highest common factor of 775 and 1459015.
155
What is the highest common divisor of 371 and 36199?
53
What is the highest common factor of 144 and 11412?
36
What is the highest common divisor of 832 and 20344?
8
Calculate the highest common divisor of 6890 and 822666.
1378
Calculate the highest common divisor of 156 and 2987868.
156
Calculate the highest common divisor of 27657 and 6174.
63
Calculate the greatest common divisor of 33374 and 1617.
11
What is the highest common factor of 6566 and 23383?
67
What is the greatest common divisor of 1690 and 4370?
10
What is the greatest common divisor of 2225 and 267?
89
Calculate the highest common divisor of 596 and 18218.
2
What is the highest common divisor of 1343096 and 56?
8
What is the greatest common factor of 17365 and 98603?
151
What is the highest common divisor of 336660 and 3255?
465
What is the greatest common factor of 9707 and 9571?
17
What is the greatest common divisor of 128186 and 5778?
214
Calculate the greatest common divisor of 11055 and 3905.
55
What is the highest common factor of 31484 and 6256?
68
What is the greatest common factor of 1056683 and 37?
37
What is the highest common divisor of 9 and 293121?
9
What is the highest common divisor of 59 and 282787?
59
What is the greatest common divisor of 8255 and 168275?
635
What is the highest common divisor of 162 and 14634?
54
What is the greatest common factor of 3118375 and 2470?
1235
What is the highest common divisor of 500 and 8300?
100
Calculate the greatest common divisor of 5068 and 892692.
724
What is the greatest common divisor of 1409875 and 250?
125
What is the highest common factor of 56 and 14536?
8
Calculate the highest common factor of 26568 and 27054.
162
Calculate the greatest common factor of 19241 and 21409.
271
What is the greatest common divisor of 2030 and 469?
7
What is the highest common divisor of 6 and 13182?
6
Calculate the highest common factor of 4498 and 71474.
26
Calculate the greatest common factor of 171 and 26011.
19
What is the greatest common factor of 145327 and 1183?
91
What is the highest common factor of 49125 and 57875?
125
What is the highest common divisor of 9398 and 13320?
74
Calculate the greatest common divisor of 577184 and 17.
17
What is the highest common factor of 189002 and 242?
242
Calculate the highest common divisor of 14476 and 14.
14
Calculate the highest common factor of 1086 and 991156.
362
What is the highest common divisor of 3972 and 1572?
12
What is the greatest common factor of 1327971 and 687?
687
Calculate the greatest common factor of 300 and 2900.
100
Calculate the highest common factor of 797703 and 477.
159
What is the highest common divisor of 93 and 259687?
31
Calculate the highest common divisor of 375 and 10725.
75
Calculate the highest common divisor of 239732 and 876.
292
What is the greatest common factor of 21 and 8729?
7
What is the highest common divisor of 32310 and 3060?
90
What is the highest common divisor of 6 and 1823022?
6
Calculate the greatest common divisor of 19342 and 1026.
38
What is the highest common divisor of 146740 and 957?
319
Calculate the greatest common factor of 241681 and 22.
11
What is the greatest common divisor of 55666 and 1118?
26
Calculate the highest common factor of 3027 and 89.
1
What is the highest common divisor of 87 and 12151?
29
Calculate the greatest common factor of 20 and 6525.
5
What is the greatest common factor of 140230 and 8?
2
Calculate the highest common divisor of 34750 and 278.
278
Calculate the highest common divisor of 1441 and 4939.
11
Calculate the highest common divisor of 24 and 19896.
24
Calculate the highest common factor of 64 and 28256.
32
Calculate the greatest common factor of 70 and 1491.
7
What is the highest common factor of 15 and 76065?
15
What is the greatest common factor of 49905 and 45?
45
Calculate the greatest common factor of 20352 and 1.
1
What is the greatest common factor of 9882 and 32076?
162
Calculate the highest common factor of 9 and 4863.
3
What is the highest common divisor of 22278 and 32469?
237
Calculate the highest common divisor of 131309 and 19.
19
Calculate the highest common factor of 110495 and 495.
55
Calculate the greatest common factor of 125729 and 59.
59
Calculate the highest common factor of 32239 and 721.
103
What is the greatest common divisor of 30324 and 627?
57
Calculate the greatest common factor of 3286 and 43831.
53
Calculate the highest common divisor of 3 and 1910.
1
Calculate the greatest common factor of 66 and 196977.
33
Calculate the highest common factor of 2232 and 1395.
279
What is the greatest common factor of 60 and 10922?
2
What is the greatest common divisor of 44 and 10571?
11
Calculate the highest common factor of 89683 and 1023.
341
Calculate the greatest common divisor of 606 and 2788509.
303
Calculate the highest common divisor of 346475 and 25.
25
What is the greatest common divisor of 41 and 41533?
41
Calculate the highest common divisor of 13104 and 16432.
208
Calculate the highest common divisor of 2556 and 13308.
12
What is the greatest common divisor of 16403 and 2094?
349
What is the highest common factor of 3784 and 54008?
344
What is the highest common factor of 177194 and 19?
19
Calculate the highest common factor of 5244 and 9108.
276
Calculate the greatest common factor of 2714 and 6348.
46
Calculate the greatest common factor of 218180 and 44.
4
What is the greatest common divisor of 9380 and 3860?
20
What is the highest common factor of 45 and 3600828?
9
What is the highest common factor of 12838 and 3406?
262
What is the greatest common divisor of 718 and 3531842?
718
Calculate the highest common divisor of 2618 and 6664.
238
What is the highest common factor of 142025 and 3325?
475
What is the highest common factor of 1115544 and 5088?
1272
Calculate the highest common divisor of 84960 and 1800.
360
What is the greatest common factor of 1553256 and 648?
648
What is the greatest common factor of 8 and 193064?
8
What is the greatest common divisor of 145 and 17603?
29
What is the greatest common divisor of 17649 and 4293?
477
Calculate the highest common factor of 50 and 1204.
2
What is the highest common divisor of 83256 and 312?
24
What is the highest common factor of 3525 and 425?
25
What is the greatest common divisor of 2 and 2574358?
2
What is the greatest common divisor of 199 and 167359?
199
Calculate the highest common factor of 418 and 261206.
22
What is the greatest common divisor of 199464 and 6?
6
Calculate the highest common divisor of 3351 and 192.
3
What is the greatest common factor of 35987 and 59752?
679
Calculate the greatest common factor of 1660 and 15020.
20
Calculate the greatest common divisor of 2610 and 106430.
290
Calculate the greatest common factor of 456136 and 184.
184
Calculate the highest common divisor of 329 and 26461.
47
Calculate the highest common divisor of 8 and 101084.
4
What is the highest common divisor of 249 and 51294?
249
What is the greatest common divisor of 7708 and 2624?
164
What is the highest common factor of 77800 and 1550?
50
What is the highest common divisor of 26125 and 19800?
275
What is the highest common factor of 257070 and 6150?
1230
Calculate the highest common factor of 688369 and 121.
121
What is the highest common divisor of 785 and 7670235?
785
Calculate the greatest common factor of 414 and 45234.
18
Calculate the highest common divisor of 561782 and 246.
82
Calculate the greatest common factor of 75404 and 154.
14
Calculate the highest common divisor of 41492 and 2132.
164
What is the highest common factor of 859 and 6319663?
859
Calculate the highest common divisor of 57264 and 21.
3
Calculate the highest common factor of 800 and 74075.
25
Calculate the greatest common divisor of 488 